h - 60543, -4*g + 9*g - 3*h - 60548 = 0. What is the tens digit of g?
0
Suppose -h = -3*z + 205033 - 78853, 5*z = -3*h + 210258. What is the thousands digit of z?
2
Let w = 20 - 10. Suppose 3*f = u + w, -u = -2*f - 5*u + 16. Suppose f*n = 2*t + 422, -t + 170 + 35 = 2*n. What is the tens digit of n?
0
Suppose 0 = -113*m - 10677 + 445162. What is the hundreds digit of m?
8
Suppose 6*v - 3*v - 3046 = 2*l, -v = -5*l - 1011. Let x = v + -694. What is the tens digit of x?
2
Suppose 155*k + 786781 = 1242568 + 1251228. What is the thousands digit of k?
1
Let s = -22 - -22. Suppose -5*p + 238 - 28 = s. What is the tens digit of p?
4
Let r(p) = 142*p**2 + 160*p + 1797. What is the tens digit of r(-10)?
9
Suppose 4*o - 5*x = -2*x - 7, -26 = -3*o - 4*x. What is the tens digit of ((-6)/1)/o + 19?
1
Let z(w) = -6 - w + 3 - w - 3*w**2 + 15. Let s(i) = -6*i**2 - 5*i + 25. Let u(f) = 2*s(f) - 5*z(f). What is the units digit of u(-5)?
5
Suppose -4*u - 2*j - 3702 = 0, -1451 = u - 3*j - 522. Let m = u + 1538. What is the tens digit of m?
1
Let g be (-8)/(-4) - (1 - 13). Let f(c) = -c**3 + 25*c**2 - 29*c - 37. What is the tens digit of f(g)?
1
Suppose 0 = -5*f - 0*y - 3*y - 20, -8 = 2*f + y. What is the units digit of f/(-1) + 215*(-7)/(-35)?
7
Suppose 119*a - 5853646 + 716535 = 0. What is the units digit of a?
9
Let n(q) = 7*q**3 + 2*q - 3. Let k(l) = -7*l + 45. Let x be k(6). What is the units digit of n(x)?
2
What is the units digit of (3537534/84)/19 + (-1)/(-2)?
7
Let b(m) = -14*m - 22. Let t be b(-5). Let h = t + -225. Let u = 9 - h. What is the units digit of u?
6
Let g = 223 - 219. Suppose 4*i + 5628 = g*q, -4*q + 0*q - 3*i = -5656. What is the hundreds digit of q?
4
Suppose 950 - 2910 = -8*c. Let s = -36 + c. Suppose 20*h = 21*h - s. What is the tens digit of h?
0
Let f = 39 + -1. Let o = f - 68. Let v = o - -146. What is the units digit of v?
6
Suppose 3*n - 99 = 3*c, -13*n + 9*n + 2*c + 138 = 0. What is the hundreds digit of (-3000)/n*48/(-10)?
4
Suppose 4*g - a - 7 = -3, 4*g = 5*a + 20. Suppose h - 320 = -2*b, -5*h - 8*b + 9*b + 1655 = g. What is the tens digit of h?
3
Suppose 26*d - 27*d + 14 = 0. Suppose -19*j = -3*i - d*j + 662, 4*j + 223 = i. What is the tens digit of i?
1
Let v(h) = h**3 + 28*h**2 + 4*h - 19. Let r be (17 + -26)/((-2)/(-6)). What is the hundreds digit of v(r)?
6
Let y(t) = -t**2 + 89*t**3 + 35*t**3 - 14*t**3 + 2*t - 13*t**3. What is the units digit of y(1)?
8
Let x = -3463 - -7965. What is the units digit of x?
2
Let b(g) = -g**2 + 10*g - 12. Let c be b(8). Let f be (2/5)/(2/30). What is the units digit of 9 - c - 1/2*f?
2
Suppose -9*f - 16550 + 76121 = 0. What is the hundreds digit of f?
6
Suppose 32*x = 33*x. Suppose x = -13*k - 5*k + 8046. Suppose 0 = -2*p - 2, 5*b - 3*p + p = k. What is the units digit of b?
9
Suppose 0 = -3*h - 5*b + 757, -b = -0*h + 4*h - 998. Let d(u) = 3*u**2 + 14*u - 25. Let q be d(-10). Suppose -3*n + q = -h. What is the hundreds digit of n?
1
Let d(s) = -s**2 - 2*s - 3. Let g be 1*-5 - (10/(-5) + 0). Let u be d(g). What is the tens digit of 13*5 - ((-5 - u) + 0)?
6
Let p be -5*142*((-21)/(-14) + -2). Let t = 762 + p. What is the units digit of t?
7
What is the units digit of (65/15 - (12 + -9))*(-121029)/(-2)?
6
Let p be ((-20)/7)/(6/21). Let z = p - -690. What is the units digit of z?
0
Suppose -2*y - 5*d + 934 = 0, -4*y = 2*d + 776 - 2628. What is the tens digit of y?
6
What is the tens digit of (-1367)/(5*13/(-130))?
3
Let w = -322 - -321. What is the units digit of 2*(w - (-649)/2)?
7
Let x = 20542 - 11248. What is the tens digit of x?
9
Suppose 3*u - 3990 = u. Suppose -y - y = 2*v + 996, 0 = 4*v + 5*y + u. What is the units digit of v/(-18) + (-2)/(-8)*2?
8
Suppose 0 = -5*j - 147 + 57. What is the hundreds digit of ((-6)/(-4))/(j/(-13512))?
1
Suppose 5*p = 4 + 6. Suppose -5*l + p*y + 3205 = 0, l = 3*l + y - 1282. Suppose -6*n + l = -307. What is the hundreds digit of n?
1
Let h = -2039 - -3315. What is the units digit of h?
6
Let q(r) = 6*r + 6. Let w be q(-13). Let x be (w/(-54))/(8/18). What is the tens digit of (3 - x - -2)*16?
3
Suppose -11660 = 13*q - 18*q. Let r = q - 3494. What is the tens digit of (r/28)/(2/(-4))?
8
Let n(q) = 97*q - 26. Let d be 6 + 4 + (5 - 7). What is the tens digit of n(d)?
5
Suppose -175*o + 2450934 = 125*o - 4118466. What is the ten thousands digit of o?
2
Let x = 105381 + -57324. What is the tens digit of x?
5
Let c(o) = -2663*o - 30. What is the ten thousands digit of c(-4)?
1
Let g(h) = 1786*h**2 - 308*h - 935. What is the hundreds digit of g(-3)?
0
Let s(q) be the second derivative of q**4/12 + 19*q**3/6 - 3*q**2 - 8*q. Let k be s(-20). Let x = k + 111. What is the units digit of x?
5
Let z(s) = -1. Let x(k) = k - 15. Let t(c) = x(c) + z(c). Let p be t(22). Let v(g) = 12*g - 19. What is the units digit of v(p)?
3
Suppose 3*d + 6 = 0, 3*d - 4639 = 3*v - 39871. What is the hundreds digit of v?
7
Let b(t) = t**3 - 84*t**2 - 501*t + 298. What is the units digit of b(98)?
6
Suppose 2*j - 8 = 0, -5*j + 48 = w - 3*w. Let q(f) = 16*f + 241. What is the tens digit of q(w)?
1
Let v(u) = 56*u**3 - 2*u**2 + u. Suppose -5*l = -o - 5, -l + 27 = -0*l + 5*o. What is the tens digit of v(l)?
4
Suppose -7*x + 25 = -2*x. Suppose 14 = 3*t + 2*v, -t - 17 = -2*v - 19. What is the units digit of 11*x/10*t?
2
Let d = -15745 - -23050. What is the units digit of d?
5
Let a = -157 + 85. Let z = a - -68. What is the tens digit of (-624 - 4)*(9/z + 2)?
5
Suppose o + 5*t = 3*o - 443, -3*t + 1061 = 5*o. Suppose 42*m = 47*m - 15. Suppose r = m*r - o. What is the hundreds digit of r?
1
Let y = 24239 - 17998. What is the thousands digit of y?
6
Suppose 0 = 2*k + 2*k. Suppose 8*l - 3*l + 4*u = -2, k = 3*l + u - 3. Suppose 4*o - s = 243, -6*o + l*o = 3*s - 247. What is the tens digit of o?
6
Suppose 124 = -7*h - 128. What is the tens digit of (-9992)/h + 12/27?
7
Suppose 52*b = -65*b + 75699. What is the units digit of b?
7
Suppose 1824916 - 396980 = 32*u. What is the thousands digit of u?
4
Suppose -40*i + 9445026 = 101*i. What is the ten thousands digit of i?
6
Suppose -309 = 2*x - 319. Suppose x*o = 5*k + 250, k - 2*k - 47 = 2*o. What is the tens digit of 4*(-4 - k/4)?
3
Let k be 1 + (-18 + 3)*(-11)/(-3). Suppose 3*v - 498 - 72 = 0. Let g = v + k. What is the hundreds digit of g?
1
Let v be 10*(8 - 4 - (-7)/(-2)). Let d be -1 - 0/(-4) - -741. What is the hundreds digit of (8/v)/((16/d)/2)?
1
Let i(d) = -282*d**2 - 7*d - 1. Let m(b) = 563*b**2 + 15*b + 2. Let j(h) = -14*i(h) - 6*m(h). What is the tens digit of j(-1)?
6
Let s = 85311 - 56385. What is the thousands digit of s?
8
Let t(y) be the first derivative of -35*y**2/2 + 2*y - 19. Let n be t(-1). Suppose -p - h + 25 = -n, -6 = -3*h. What is the units digit of p?
0
Suppose -205 = -5*f - 35. Let r = 105 - f. Let k = r - 35. What is the units digit of k?
6
Let m(h) = -h**2 + 128*h - 36. What is the thousands digit of m(42)?
3
Let b = -34 + 37. Let j be (2 + -5)/(b - (-3 - -7)). Suppose 0 = -3*u - 2*u + 4*k + 178, 0 = 2*u - j*k - 67. What is the units digit of u?
8
Suppose 28*i - 65 = 29*i. Let a = 28 - i. Suppose -3*n = -a - 111. What is the units digit of n?
8
Suppose -17 = -8*i - 337. What is the hundreds digit of 20/i*522/(-1)?
2
Let v = -1337 + 2276. Suppose -2*f - 2*f = 3*d - 743, 0 = -4*d + 5*f + v. What is the hundreds digit of d?
2
Let z = 2900 + 16949. What is the tens digit of z?
4
Let j(h) = h**2 + 3*h - 2. Let s be j(4). Suppose 1 - s = 5*f. What is the tens digit of 1 + f + (94 - 0)?
9
Let s = -9 - -15. Suppose 2*m - s*m = -12. Suppose -8*o + 335 = -m*o. What is the tens digit of o?
6
What is the hundreds digit of 4/(-10 - (-109206)/10920)?
2
Let s be ((-1865)/(-2))/(59/(-118)). Let x = s - -3041. What is the hundreds digit of x?
1
Suppose -c - 3*c + 2728 = -2*o, -5*c - 4*o + 3410 = 0. Suppose c = -5*p + 2212. What is the tens digit of p?
0
Suppose -170*u + 341*u = 163*u + 170328. What is the hundreds digit of u?
2
Suppose -20 = 2*z - 2. Let r = 5 - z. Suppose -g - 1 = -3*q - r, -5*g + 79 = -q. What is the units digit of g?
6
Let f(u) = 20*u**2 + 32*u - 91. What is the tens digit of f(-20)?
6
Suppose i = 2*y + 7437, -3*i - 2*y = -4*y - 22315. What is the units digit of i?
9
Suppose -2*q - 5*o = -10844, 0 = q - o - 2636 - 2800. Wh